{"id":32,"date":"2015-06-02T10:06:34","date_gmt":"2015-06-02T10:06:34","guid":{"rendered":"http:\/\/kuller-ff-allermoehe.de\/?page_id=32"},"modified":"2015-10-11T20:31:15","modified_gmt":"2015-10-11T19:31:15","slug":"startseite-2","status":"publish","type":"page","link":"https:\/\/kuller-ff-allermoehe.de\/","title":{"rendered":"Mich kann man mieten !"},"content":{"rendered":"<p>Ich bin das Kuller und geh\u00f6re zum F\u00f6rderverein der FF Allerm\u00f6he.<\/p>\n<p>Meine Feuerwehrkameraden sorgen daf\u00fcr, dass ich in Schuss bleibe und egal zu welcher Jahreszeit gehegt und gepflegt werde.<br \/>\nWenn ihr mich mieten m\u00f6chtet, dann bekommt ihr zus\u00e4tzlich zu mir, eine gro\u00dfe sch\u00f6ne Freifl\u00e4che f\u00fcr eure G\u00e4ste als Parkplatz, oder f\u00fcr Partyzelte oder, oder, oder&#8230;&#8230;mit zur Verf\u00fcgung gestellt.<\/p>\n<p>Weitere Information findet ihr unter dem Reiter Vereinshaus, ob ich bereits reserviert oder gebucht bin k\u00f6nnt ihr im Kalender sehen. Wenn euer Wunschtermin frei ist, dann sendet uns einfach eine Anfrage.<\/p>\n","protected":false},"excerpt":{"rendered":"<p>Ich bin das Kuller und geh\u00f6re zum F\u00f6rderverein der FF Allerm\u00f6he. Meine Feuerwehrkameraden sorgen daf\u00fcr, dass ich in Schuss bleibe und egal zu welcher Jahreszeit gehegt und gepflegt werde. Wenn ihr mich mieten m\u00f6chtet, dann bekommt ihr zus\u00e4tzlich zu mir, eine gro\u00dfe sch\u00f6ne Freifl\u00e4che f\u00fcr eure G\u00e4ste als Parkplatz, oder f\u00fcr Partyzelte oder, oder, oder&#8230;&#8230;mit [&hellip;]<\/p>\n","protected":false},"author":1,"featured_media":172,"parent":0,"menu_order":0,"comment_status":"open","ping_status":"open","template":"","meta":{"spay_email":""},"jetpack_sharing_enabled":true,"_links":{"self":[{"href":"https:\/\/kuller-ff-allermoehe.de\/index.php?rest_route=\/wp\/v2\/pages\/32"}],"collection":[{"href":"https:\/\/kuller-ff-allermoehe.de\/index.php?rest_route=\/wp\/v2\/pages"}],"about":[{"href":"https:\/\/kuller-ff-allermoehe.de\/index.php?rest_route=\/wp\/v2\/types\/page"}],"author":[{"embeddable":true,"href":"https:\/\/kuller-ff-allermoehe.de\/index.php?rest_route=\/wp\/v2\/users\/1"}],"replies":[{"embeddable":true,"href":"https:\/\/kuller-ff-allermoehe.de\/index.php?rest_route=%2Fwp%2Fv2%2Fcomments&post=32"}],"version-history":[{"count":6,"href":"https:\/\/kuller-ff-allermoehe.de\/index.php?rest_route=\/wp\/v2\/pages\/32\/revisions"}],"predecessor-version":[{"id":201,"href":"https:\/\/kuller-ff-allermoehe.de\/index.php?rest_route=\/wp\/v2\/pages\/32\/revisions\/201"}],"wp:featuredmedia":[{"embeddable":true,"href":"https:\/\/kuller-ff-allermoehe.de\/index.php?rest_route=\/wp\/v2\/media\/172"}],"wp:attachment":[{"href":"https:\/\/kuller-ff-allermoehe.de\/index.php?rest_route=%2Fwp%2Fv2%2Fmedia&parent=32"}],"curies":[{"name":"wp","href":"https:\/\/api.w.org\/{rel}","templated":true}]}}

<p>Ich bin das Kuller und gehöre zum Förderverein der FF Allermöhe.</p>
<p>Meine Feuerwehrkameraden sorgen dafür, dass ich in Schuss bleibe und egal zu welcher Jahreszeit gehegt und gepflegt werde.<br />
Wenn ihr mich mieten möchtet, dann bekommt ihr zusätzlich zu mir, eine große schöne Freifläche für eure Gäste als Parkplatz, oder für Partyzelte oder, oder, oder&#8230;&#8230;mit zur Verfügung gestellt.</p>
<p>Weitere Information findet ihr unter dem Reiter Vereinshaus, ob ich bereits reserviert oder gebucht bin könnt ihr im Kalender sehen. Wenn euer Wunschtermin frei ist, dann sendet uns einfach eine Anfrage.</p>

<p>Ich bin das Kuller und gehöre zum Förderverein der FF Allermöhe. Meine Feuerwehrkameraden sorgen dafür, dass ich in Schuss bleibe und egal zu welcher Jahreszeit gehegt und gepflegt werde. Wenn ihr mich mieten möchtet, dann bekommt ihr zusätzlich zu mir, eine große schöne Freifläche für eure Gäste als Parkplatz, oder für Partyzelte oder, oder, oder&#8230;&#8230;mit [&hellip;]</p>
