{"id":45,"date":"2015-06-02T11:21:08","date_gmt":"2015-06-02T10:21:08","guid":{"rendered":"http:\/\/kuller-ff-allermoehe.de\/?page_id=45"},"modified":"2025-02-26T08:10:58","modified_gmt":"2025-02-26T07:10:58","slug":"vereinshaus-2","status":"publish","type":"page","link":"https:\/\/kuller-ff-allermoehe.de\/?page_id=45","title":{"rendered":"Vereinshaus"},"content":{"rendered":"<p>Mich kann man f\u00fcr s\u00e4mtliche Veranstaltungen mieten, ob Hochzeit, Jubil\u00e4um, Geburtstag oder f\u00fcr ein Firmenevent.\u00a0Ich habe Platz f\u00fcr 200 Personen, die bestuhlt an Tischen gem\u00fctlich den Abend verbringen k\u00f6nnen.\u00a0F\u00fcr die gleiche Anzahl von G\u00e4sten sind Gl\u00e4ser, Geschirr und Besteck vorhanden .<\/p>\n<p>Neben dem gro\u00dfen Festsaal habe ich noch einen Clubraum bzw. eine Sektbar, eine Garderobe sowie eine gro\u00dfe K\u00fcche.<\/p>\n<p>Die Nutzungsgeb\u00fchr betr\u00e4gt 600 \u20ac pro Tag + 350 \u20ac Endreinigung zzgl. Gas, Wasser und Strom je nach Verbrauch. Eine Kaution, die sich anhand der Mietdauer orientiert, ist ebenfalls zu entrichten. Die Mietzeit geht von 11.00 Uhr bis 11.00 Uhr des darauffolgenden Tag.<\/p>\n<div id=\"attachment_387\" style=\"width: 160px\" class=\"wp-caption aligncenter\"><img aria-describedby=\"caption-attachment-387\" loading=\"lazy\" class=\"size-thumbnail wp-image-387\" src=\"http:\/\/kuller-ff-allermoehe.de\/wp-content\/uploads\/2015\/06\/IMG_2545-150x150.jpg\" alt=\"\" width=\"150\" height=\"150\" \/><p id=\"caption-attachment-387\" class=\"wp-caption-text\">Flur \/ Eingangsbereich<\/p><\/div>\n<div id=\"attachment_377\" style=\"width: 160px\" class=\"wp-caption aligncenter\"><img aria-describedby=\"caption-attachment-377\" loading=\"lazy\" class=\"size-thumbnail wp-image-377\" src=\"http:\/\/kuller-ff-allermoehe.de\/wp-content\/uploads\/2015\/06\/IMG_4014-150x150.jpg\" alt=\"Tresen \/ Saal\" width=\"150\" height=\"150\" \/><p id=\"caption-attachment-377\" class=\"wp-caption-text\">Tresen \/ Saal<\/p><\/div>\n<div id=\"attachment_378\" style=\"width: 160px\" class=\"wp-caption aligncenter\"><img aria-describedby=\"caption-attachment-378\" loading=\"lazy\" class=\"size-thumbnail wp-image-378\" src=\"http:\/\/kuller-ff-allermoehe.de\/wp-content\/uploads\/2015\/06\/IMG_4015-150x150.jpg\" alt=\"Tresen \/ Saal\" width=\"150\" height=\"150\" \/><p id=\"caption-attachment-378\" class=\"wp-caption-text\">Tresen \/ Saal<\/p><\/div>\n<div id=\"attachment_383\" style=\"width: 160px\" class=\"wp-caption aligncenter\"><img aria-describedby=\"caption-attachment-383\" loading=\"lazy\" class=\"size-thumbnail wp-image-383\" src=\"http:\/\/kuller-ff-allermoehe.de\/wp-content\/uploads\/2015\/06\/IMG_2532-150x150.jpg\" alt=\"Saal\" width=\"150\" height=\"150\" \/><p id=\"caption-attachment-383\" class=\"wp-caption-text\">Saal<\/p><\/div>\n<div id=\"attachment_380\" style=\"width: 160px\" class=\"wp-caption aligncenter\"><img aria-describedby=\"caption-attachment-380\" loading=\"lazy\" class=\"size-thumbnail wp-image-380\" src=\"http:\/\/kuller-ff-allermoehe.de\/wp-content\/uploads\/2015\/06\/IMG_4022-150x150.jpg\" alt=\"Clubraum\" width=\"150\" height=\"150\" \/><p id=\"caption-attachment-380\" class=\"wp-caption-text\">Clubraum<\/p><\/div>\n<div id=\"attachment_379\" style=\"width: 160px\" class=\"wp-caption aligncenter\"><img aria-describedby=\"caption-attachment-379\" loading=\"lazy\" class=\"size-thumbnail wp-image-379\" src=\"http:\/\/kuller-ff-allermoehe.de\/wp-content\/uploads\/2015\/06\/IMG_4010-150x150.jpg\" alt=\"Saal\" width=\"150\" height=\"150\" \/><p id=\"caption-attachment-379\" class=\"wp-caption-text\">Saal<\/p><\/div>\n<div id=\"attachment_382\" style=\"width: 160px\" class=\"wp-caption aligncenter\"><img aria-describedby=\"caption-attachment-382\" loading=\"lazy\" class=\"size-thumbnail wp-image-382\" src=\"http:\/\/kuller-ff-allermoehe.de\/wp-content\/uploads\/2015\/06\/IMG_2527-150x150.jpg\" alt=\"Saal\" width=\"150\" height=\"150\" \/><p id=\"caption-attachment-382\" class=\"wp-caption-text\">Saal<\/p><\/div>\n<div id=\"attachment_384\" style=\"width: 160px\" class=\"wp-caption aligncenter\"><img aria-describedby=\"caption-attachment-384\" loading=\"lazy\" class=\"size-thumbnail wp-image-384\" src=\"http:\/\/kuller-ff-allermoehe.de\/wp-content\/uploads\/2015\/06\/IMG_2531-150x150.jpg\" alt=\"Saal\" width=\"150\" height=\"150\" \/><p id=\"caption-attachment-384\" class=\"wp-caption-text\">Saal<\/p><\/div>\n<div id=\"attachment_385\" style=\"width: 160px\" class=\"wp-caption aligncenter\"><img aria-describedby=\"caption-attachment-385\" loading=\"lazy\" class=\"size-thumbnail wp-image-385\" src=\"http:\/\/kuller-ff-allermoehe.de\/wp-content\/uploads\/2015\/06\/IMG_2534-150x150.jpg\" alt=\"Saal \/ Deckenbeleuchtung\" width=\"150\" height=\"150\" \/><p id=\"caption-attachment-385\" class=\"wp-caption-text\">Saal \/ Deckenbeleuchtung<\/p><\/div>\n<div id=\"attachment_223\" style=\"width: 160px\" class=\"wp-caption aligncenter\"><img aria-describedby=\"caption-attachment-223\" loading=\"lazy\" class=\"size-thumbnail wp-image-223\" src=\"http:\/\/kuller-ff-allermoehe.de\/wp-content\/uploads\/2015\/06\/IMG_7968-150x150.jpg\" alt=\"\" width=\"150\" height=\"150\" \/><p id=\"caption-attachment-223\" class=\"wp-caption-text\">K\u00fcche<\/p><\/div>\n<p style=\"text-align: center;\">\n","protected":false},"excerpt":{"rendered":"<p>Mich kann man f\u00fcr s\u00e4mtliche Veranstaltungen mieten, ob Hochzeit, Jubil\u00e4um, Geburtstag oder f\u00fcr ein Firmenevent.\u00a0Ich habe Platz f\u00fcr 200 Personen, die bestuhlt an Tischen gem\u00fctlich den Abend verbringen k\u00f6nnen.\u00a0F\u00fcr die gleiche Anzahl von G\u00e4sten sind Gl\u00e4ser, Geschirr und Besteck vorhanden . Neben dem gro\u00dfen Festsaal habe ich noch einen Clubraum bzw. eine Sektbar, eine Garderobe [&hellip;]<\/p>\n","protected":false},"author":1,"featured_media":173,"parent":0,"menu_order":0,"comment_status":"open","ping_status":"open","template":"","meta":{"spay_email":""},"jetpack_sharing_enabled":true,"_links":{"self":[{"href":"https:\/\/kuller-ff-allermoehe.de\/index.php?rest_route=\/wp\/v2\/pages\/45"}],"collection":[{"href":"https:\/\/kuller-ff-allermoehe.de\/index.php?rest_route=\/wp\/v2\/pages"}],"about":[{"href":"https:\/\/kuller-ff-allermoehe.de\/index.php?rest_route=\/wp\/v2\/types\/page"}],"author":[{"embeddable":true,"href":"https:\/\/kuller-ff-allermoehe.de\/index.php?rest_route=\/wp\/v2\/users\/1"}],"replies":[{"embeddable":true,"href":"https:\/\/kuller-ff-allermoehe.de\/index.php?rest_route=%2Fwp%2Fv2%2Fcomments&post=45"}],"version-history":[{"count":29,"href":"https:\/\/kuller-ff-allermoehe.de\/index.php?rest_route=\/wp\/v2\/pages\/45\/revisions"}],"predecessor-version":[{"id":1848,"href":"https:\/\/kuller-ff-allermoehe.de\/index.php?rest_route=\/wp\/v2\/pages\/45\/revisions\/1848"}],"wp:featuredmedia":[{"embeddable":true,"href":"https:\/\/kuller-ff-allermoehe.de\/index.php?rest_route=\/wp\/v2\/media\/173"}],"wp:attachment":[{"href":"https:\/\/kuller-ff-allermoehe.de\/index.php?rest_route=%2Fwp%2Fv2%2Fmedia&parent=45"}],"curies":[{"name":"wp","href":"https:\/\/api.w.org\/{rel}","templated":true}]}}

<p>Mich kann man für sämtliche Veranstaltungen mieten, ob Hochzeit, Jubiläum, Geburtstag oder für ein Firmenevent. Ich habe Platz für 200 Personen, die bestuhlt an Tischen gemütlich den Abend verbringen können. Für die gleiche Anzahl von Gästen sind Gläser, Geschirr und Besteck vorhanden .</p>
<p>Neben dem großen Festsaal habe ich noch einen Clubraum bzw. eine Sektbar, eine Garderobe sowie eine große Küche.</p>
<p>Die Nutzungsgebühr beträgt 600 € pro Tag + 350 € Endreinigung zzgl. Gas, Wasser und Strom je nach Verbrauch. Eine Kaution, die sich anhand der Mietdauer orientiert, ist ebenfalls zu entrichten. Die Mietzeit geht von 11.00 Uhr bis 11.00 Uhr des darauffolgenden Tag.</p>
<div id="attachment_387" style="width: 160px" class="wp-caption aligncenter"><img aria-describedby="caption-attachment-387" loading="lazy" class="size-thumbnail wp-image-387" src="http://kuller-ff-allermoehe.de/wp-content/uploads/2015/06/IMG_2545-150x150.jpg" alt="" width="150" height="150" /><p id="caption-attachment-387" class="wp-caption-text">Flur / Eingangsbereich</p></div>
<div id="attachment_377" style="width: 160px" class="wp-caption aligncenter"><img aria-describedby="caption-attachment-377" loading="lazy" class="size-thumbnail wp-image-377" src="http://kuller-ff-allermoehe.de/wp-content/uploads/2015/06/IMG_4014-150x150.jpg" alt="Tresen / Saal" width="150" height="150" /><p id="caption-attachment-377" class="wp-caption-text">Tresen / Saal</p></div>
<div id="attachment_378" style="width: 160px" class="wp-caption aligncenter"><img aria-describedby="caption-attachment-378" loading="lazy" class="size-thumbnail wp-image-378" src="http://kuller-ff-allermoehe.de/wp-content/uploads/2015/06/IMG_4015-150x150.jpg" alt="Tresen / Saal" width="150" height="150" /><p id="caption-attachment-378" class="wp-caption-text">Tresen / Saal</p></div>
<div id="attachment_383" style="width: 160px" class="wp-caption aligncenter"><img aria-describedby="caption-attachment-383" loading="lazy" class="size-thumbnail wp-image-383" src="http://kuller-ff-allermoehe.de/wp-content/uploads/2015/06/IMG_2532-150x150.jpg" alt="Saal" width="150" height="150" /><p id="caption-attachment-383" class="wp-caption-text">Saal</p></div>
<div id="attachment_380" style="width: 160px" class="wp-caption aligncenter"><img aria-describedby="caption-attachment-380" loading="lazy" class="size-thumbnail wp-image-380" src="http://kuller-ff-allermoehe.de/wp-content/uploads/2015/06/IMG_4022-150x150.jpg" alt="Clubraum" width="150" height="150" /><p id="caption-attachment-380" class="wp-caption-text">Clubraum</p></div>
<div id="attachment_379" style="width: 160px" class="wp-caption aligncenter"><img aria-describedby="caption-attachment-379" loading="lazy" class="size-thumbnail wp-image-379" src="http://kuller-ff-allermoehe.de/wp-content/uploads/2015/06/IMG_4010-150x150.jpg" alt="Saal" width="150" height="150" /><p id="caption-attachment-379" class="wp-caption-text">Saal</p></div>
<div id="attachment_382" style="width: 160px" class="wp-caption aligncenter"><img aria-describedby="caption-attachment-382" loading="lazy" class="size-thumbnail wp-image-382" src="http://kuller-ff-allermoehe.de/wp-content/uploads/2015/06/IMG_2527-150x150.jpg" alt="Saal" width="150" height="150" /><p id="caption-attachment-382" class="wp-caption-text">Saal</p></div>
<div id="attachment_384" style="width: 160px" class="wp-caption aligncenter"><img aria-describedby="caption-attachment-384" loading="lazy" class="size-thumbnail wp-image-384" src="http://kuller-ff-allermoehe.de/wp-content/uploads/2015/06/IMG_2531-150x150.jpg" alt="Saal" width="150" height="150" /><p id="caption-attachment-384" class="wp-caption-text">Saal</p></div>
<div id="attachment_385" style="width: 160px" class="wp-caption aligncenter"><img aria-describedby="caption-attachment-385" loading="lazy" class="size-thumbnail wp-image-385" src="http://kuller-ff-allermoehe.de/wp-content/uploads/2015/06/IMG_2534-150x150.jpg" alt="Saal / Deckenbeleuchtung" width="150" height="150" /><p id="caption-attachment-385" class="wp-caption-text">Saal / Deckenbeleuchtung</p></div>
<div id="attachment_223" style="width: 160px" class="wp-caption aligncenter"><img aria-describedby="caption-attachment-223" loading="lazy" class="size-thumbnail wp-image-223" src="http://kuller-ff-allermoehe.de/wp-content/uploads/2015/06/IMG_7968-150x150.jpg" alt="" width="150" height="150" /><p id="caption-attachment-223" class="wp-caption-text">Küche</p></div>
<p style="text-align: center;">

<p>Mich kann man für sämtliche Veranstaltungen mieten, ob Hochzeit, Jubiläum, Geburtstag oder für ein Firmenevent. Ich habe Platz für 200 Personen, die bestuhlt an Tischen gemütlich den Abend verbringen können. Für die gleiche Anzahl von Gästen sind Gläser, Geschirr und Besteck vorhanden . Neben dem großen Festsaal habe ich noch einen Clubraum bzw. eine Sektbar, eine Garderobe [&hellip;]</p>
